3. Determine r(o).
2
Let u(c) = -c**3 + 3*c**2 + 24*c + 11. Let y = 20236 - 20229. Determine u(y).
-17
Let h(j) = -j**2 + 2. Let y(r) = -r**3 - 7*r**2 + 3*r + 9. Let m(a) = a**3 + 8*a**2 + 14*a + 13. Let p be m(-6). Let w(v) = p*y(v) - 2*h(v). Calculate w(-5).
-10
Let o(a) be the third derivative of 0 + 0*a - 32*a**2 - 3/8*a**4 - 7/6*a**3 - 1/60*a**5. Calculate o(-7).
7
Suppose 3502 - 3470 = -16*n. Let k(x) = 9*x**2 + 6*x + 4. Give k(n).
28
Suppose 0 = z + 49*s - 45*s - 11, -3*s + 13 = -4*z. Let n(b) be the second derivative of 2/3*b**3 + 4*b + 0 + 0*b**2. Calculate n(z).
-4
Let a(s) be the second derivative of s**6/360 + s**5/24 + s**4/12 - 31*s**3/3 - s + 3. Let l(i) be the second derivative of a(i). Calculate l(-6).
8
Suppose -10*h - 88 = 62. Let v(n) = n**2 + 13*n - 38. Let i be v(h). Let r(u) = -u**2 - 7*u + 2. Determine r(i).
-6
Let n(r) = -r**2 + 2*r + 2. Suppose 4*u - u + 18 = 3*f, 3 = 5*f + 4*u. Suppose f*z + 3 = 6. Let m be 2 + 1 + 0/z. Give n(m).
-1
Let u be ((-279)/(-12))/(15/160*-4). Let i = -55 - u. Let o(y) = y**3 - 7*y**2 - 5*y + 10. Determine o(i).
-25
Let j be 10/(-40) + (-207)/4. Let n = 62 + j. Let p(h) = -3*h + 14. Determine p(n).
-16
Let v = -372 + 368. Let a(l) = 4*l - 4*l + 4 - 1 - 2*l. Give a(v).
11
Suppose 0*h = h + 3*p - 10, h - 14 = -5*p. Let r = 189 + -190. Let l be r*(h + -3)*-3. Let x(z) = 2*z**2 + 2*z - 2. Determine x(l).
22
Let o be 5 + 3 + -1 + -3 + 0. Let j(w) be the third derivative of 0 + 0*w + 16*w**2 + 1/12*w**o - 1/30*w**5 + 2/3*w**3. What is j(3)?
-8
Let d(y) = -2*y + 3. Let s be 276/30 - 9 - (-309)/5. Suppose -s = 14*p - 6. What is d(p)?
11
Suppose -6*n = -2*g - 7*n - 27, -5*n - 51 = 4*g. Suppose 6*f = 66 - 24. Let q = f + g. Let w(r) = -r**2 - 9*r - 3. Determine w(q).
11
Let l(k) be the first derivative of 2*k**3/3 + 33*k**2 - 65*k + 2103. What is l(-34)?
3
Suppose 10 = 2*h, 9*g - 3*h = 4*g + 90. Let c be (-6)/(-9)*2*g. Let z be (-13)/(-15) + c/210. Let d(l) = 7*l. Determine d(z).
7
Let z be (-40)/25*5/1. Let i(b) = 2*b + 25. Let a be i(z). Suppose -2*j + 5 = a. Let w(v) = -v**3 - v**2 + 2*v + 2. Give w(j).
2
Let q(t) = 2487 - 2487 - 7*t - t**2. Let w be -1 - (((-16)/(-4) - 0) + 1). Determine q(w).
6
Let r(x) = 11*x**2 + 21*x - 98. Let a(l) = 26*l**2 + 42*l - 195. Let u(v) = -3*a(v) + 7*r(v). Give u(15).
-11
Let o(g) = -g + 6. Let c be o(8). Let h(t) be the second derivative of 2*t**3/3 + 2*t**2 - 3*t + 6. Give h(c).
-4
Let d(b) = 67*b + 26. Let c(i) = 75*i + 29. Let l(m) = -6*c(m) + 7*d(m). Calculate l(1).
27
Suppose 5*p - 15 = -5*u, 51*u - 46*u + 15 = 0. Let q(v) = 4*v - 30. Calculate q(p).
-6
Let v(w) = -w. Let a be v(-2). Let o(p) be the second derivative of 3*p**5/20 - p**4/12 - p**3/2 + p**2 - 7498*p. Determine o(a).
16
Let a(j) = -j**2 - 6*j - 8. Let d be a(0). Suppose -2*g - m = -3*g + 21, -39 = -g - 5*m. Let t(y) = g*y + 18*y - 40*y + 10. Calculate t(d).
-6
Let j(s) = -s**2 + 38*s + 77. Let n be 8/(-16) + -54*15/(-20). Calculate j(n).
-3
Suppose -201 = -20*b - 261. Let u(v) = -15*v - 50. Determine u(b).
-5
Let z(x) = -5*x**2 - 1693 + 840 - 7*x**2 - 2*x + 0*x + 841 - x**3. What is z(-12)?
12
Let y be ((2 - 1) + -7)/(-8 - -6). Suppose -y*v = -0*v - 5*v. Let z(k) = -5 + v*k + 2*k + 7 - k. Give z(-2).
0
Let f(h) = -5*h**2 + 16*h - 15. Let w(u) = u**3 + 6*u**2 - 32*u + 88. Let s be w(-10). Determine f(s).
-207
Let m(a) be the second derivative of -13*a**5/120 - a**3/3 + 6*a**2 + 23*a. Let f(y) be the second derivative of m(y). Calculate f(-1).
13
Let g(p) = -p**3 + 10*p**2 - 10*p + 16. Let r be g(9). Let i(u) = 17 - r + 19*u - 7 - 20*u. Let k be 5 - (-7 - -2 - -3). Calculate i(k).
-4
Suppose 2319 = -10*t + 2349. Let s(r) = -5*r**3 + 4*r**2 - 5. Let w(a) = -4*a**3 + 4*a**2 - a - 4. Let c(y) = -3*s(y) + 4*w(y). What is c(t)?
-4
Let k(f) be the third derivative of -f**6/120 + f**5/20 + f**4/12 - 10*f**3/3 + f**2 - 754. What is k(5)?
-60
Let c(h) be the second derivative of -h**3/3 - 31*h**2/2 + 160*h. What is c(6)?
-43
Let q(l) = 4*l**2 - 4*l + 13. Let t(b) = -b**2 + 15*b - 33. Let c be t(3). What is q(c)?
37
Let q(d) = -1555749*d**2 - 15 + 4 + 1555747*d**2 - 16*d. What is q(-5)?
19
Let n = -61 - -77. Suppose -3*o = -2*h, -n = -5*o - 2*h - 0*h. Let i(w) = -2*w - 4 - 1219*w**2 + o + 1221*w**2 + 3*w. Determine i(3).
19
Let q(y) = -20*y + 122. Let h = -21186 - -21193. Give q(h).
-18
Let l(k) = k**3 - 3*k**2 - k + 3. Let g be l(3). Let w(m) = -1 + 0 - 1390*m + m**3 + 1391*m. What is w(g)?
-1
Let o = 10345 - 10334. Let h(b) = b**2 - 8*b - 22. What is h(o)?
11
Let j(f) be the second derivative of f**4/12 + 7*f**3/3 + 51*f**2/2 + 9607*f. Give j(-9).
6
Let p(h) be the third derivative of h**4/2 + 25*h**3/3 - 4*h**2 - 698. What is p(-4)?
2
Let v(f) = 6*f**2 - 29*f - 94. Let k be v(7). Let m(j) = j + 5. Give m(k).
2
Let r = -20 + 26. Let x be (r + (4 - 5))*-1. Let q(z) = 31 - 3*z**2 + 7*z + 9 - 13 - 9 - 13 - z**3. Determine q(x).
20
Let v(a) be the first derivative of a**4/4 - 3*a**3 + 7*a**2/2 + 6. Let m(f) = 5*f - 5*f - 2 + f + 14. Let i be m(-4). What is v(i)?
-8
Suppose -5*x + 3*t = 17, 0*t = -2*x + 4*t - 4. Let q(s) = -s + 1. Let w(z) = z - 1. Let r(n) = x*w(n) - 6*q(n). Give r(4).
6
Let k = -613 - -453. Let c be (5/3)/(k/(-30) + -5). Let v(z) = -6*z + 4. Calculate v(c).
-26
Let q(l) = l**3 - 25 + 72 + 11*l - 32 - 5*l**2 - 27. What is q(3)?
3
Let c(p) = p**2 - 1. Let y(b) = -b**3 - b + 1. Let u(r) = -c(r) + y(r). Let v = -143 + 142. Let d be (-1)/(-3) - (4/(-6) - v). Determine u(d).
2
Let w(s) = -10*s + 2 - 216*s**2 - 14 + 228*s**2 - s**3. Let j = -1600 - -1611. Give w(j).
-1
Let d(u) = u - 2. Let k = 112 - 159. Let v be 1380/27 + (-15)/135. Let f = v + k. Determine d(f).
2
Let l = -143 - -188. Let k = 42 - l. Let z(a) = 0 - 3 + 0*a - 2*a + a**3 + 3*a**2. What is z(k)?
3
Suppose -15*a = -6*a. Suppose 5*r + 28 + 17 = a. Let s(i) = i**2 + 11*i - 9. Determine s(r).
-27
Let b(q) = q**3 + 6*q**2 - 7*q + 3. Let u be b(-7). Let y(t) = 4 + 852*t - 1704*t + 850*t - 3. Give y(u).
-5
Let g(d) = 9*d - 97. Let c be g(13). Let m(j) = 15*j - j**2 - 54*j - c + 12*j + 11*j. What is m(-15)?
-5
Let z be 50/50*(1 + 0)*2. Let a(h) = -22*h**2 - 3*h + 5. What is a(z)?
-89
Suppose 3*c + 2*s - 2*s = -3*s + 9, 2*s = 0. Let l(w) = -3*w**3 + 5*w - 5. Determine l(c).
-71
Let n(s) = 670 - 5*s + 23*s - 9*s - 6*s - 781. Calculate n(40).
9
Suppose -3*k = -13*k + 190. Let v(d) = 34 - 18 - k - 4*d. What is v(-2)?
5
Let g(i) = -i**2 + 9*i - 9. Let j be g(6). Let k be -2 - (6/9)/(26/(-351)). Let s(u) = 5*u - 1 + u**2 + 6*u + 7 - u**3 - 18 + k*u**2. Give s(j).
6
Let b(c) be the second derivative of c**5/20 + c**3/6 - 4*c - 14. What is b(-1)?
-2
Suppose 38*y - 33*y = -310. Let a = y + 71. Let x(c) = 4 + 6*c**3 - 12*c**3 - 9*c**2 + 7*c**3. Calculate x(a).
4
Suppose 43*f - 86*f = -301. Let q(d) = -2*d**2 + 7*d + 20. Determine q(f).
-29
Let m be ((-102)/5 - -21)*(1 + (10 - 1)). Let c(s) be the second derivative of s**5/20 - s**4/2 - 2*s**3/3 + 2*s**2 - s. What is c(m)?
-20
Let a(w) = w**3 + 43*w**2 - 88*w + 85. Let r = 4102 + -4147. What is a(r)?
-5
Let z(n) = -n + 5. Suppose 0 = 4*k + 2*u - 96, u - 106 = -5*k + 2*u. Let w be (-4876)/(-1166) + (-48)/k + 2. Give z(w).
1
Let w(d) = 2*d**2 + 0*d**2 - 5*d**3 - d - 3*d**2 + 4*d**3. Let i(h) = -5*h**3 - 8*h**2 + 55*h - 61*h - 1 + 0*h**3. Let l(z) = i(z) - 4*w(z). What is l(-2)?
-5
Suppose 28 = -11*r + 94. Let g(z) be the second derivative of z**3/6 - 3*z**2/2 - 6*z. What is g(r)?
3
Let q = -136 - -139. Suppose -q*f + 22 = -2*b - 5*f, b + 23 = -4*f. Let o(p) be the first derivative of -p**3/3 - 3*p**2 + 9*p + 3. Calculate o(b).
2
Suppose -410 + 108 = -151*c. Let a(d) = 9*d**2 - 2. What is a(c)?
34
Let p(j) = -13*j**2 - 23*j - 5. Let c(x) = -18*x**2 - 35*x - 7. Let y(m) = -5*c(m) + 7*p(m). What is y(11)?
33
Let g(j) = -2*j**2 + 5*j - 8*j + 2 - 3 - 4*j**3. Let h be g(-1). Let z(k) = -k + h*k**2 + 0*k - 2*k**2. What is z(1)?
1
Suppose 45 = z + 2*i, -2*i = -z - 0*z + 53. Let q = -41 + z. Suppose 0 = 3*p + p - q. Let l(d) = d**3 - d + 2. Determine l(p).
8
Let v(t) = 4854 - 6*t - 37*t**2 - 4873 + 36*t**2. Calculate v(-8).
-35
Let z = -25 - -29. Suppose -27 = -z*a - 7. Let y(f) = 6*f - 4*f - f - 1. What is y(a)?
4
Let f(n) = -n. Suppose -d = 3*d - 40. Suppose d + 18 = 7*t. Let a = -4 + t. What is f(a)?
0
